s the tens digit of w?
8
Let j = 10301 + -1883. What is the units digit of j?
8
Let x(h) = -13*h**3 - 5*h**2 - 33*h - 371. What is the thousands digit of x(-11)?
6
Suppose -25 = -7*j + 3. Suppose 145 = -x + 2*x + 3*d, -j*d + 8 = 0. Suppose -2*w = -x - 1. What is the tens digit of w?
7
Let y = 18030 + -11367. What is the tens digit of y?
6
Suppose -4*g = -0*g + 20, -4*r - 2*g = -2. Suppose -r*m = 2*x + 2*m - 310, 0 = 4*x + 2*m - 652. What is the hundreds digit of x?
1
Suppose -19 = 5*g + 51. Let x be 2 - (24/g + 2)*7. Suppose -p - d + 9 = -69, x = -5*p - 4*d + 386. What is the tens digit of p?
7
Let q be (-15)/((-60)/(-8)) - -11. What is the thousands digit of (3138/q + 4)*(-6)/(-2)?
1
Let v = 6776 - 4377. Suppose 3*h + 4*j = 1808, 4*h + 0*h + 3*j = v. What is the hundreds digit of h?
5
Suppose 6*m - 16 - 8 = 0. Suppose -2*x = 2*x + v - 9, 0 = 5*x + m*v - 25. What is the units digit of 2/x + (16 - 15)?
3
Let f(y) = -4*y**2 + 7*y - 11. Let g be f(-5). Let j = g - -304. What is the units digit of j?
8
Suppose 3*n = -19135 + 52570. What is the units digit of n?
5
Let b(x) = 71*x + 1. Let i be b(-2). Suppose -4*v - 310 - 498 = 0. Let g = i - v. What is the units digit of g?
1
What is the ten thousands digit of 32122*(-2)/((-12)/6 + 0) + 8?
3
What is the units digit of 42295/33*(-21)/(-1)?
5
Let l be (-5)/60 + (-120895)/60. Let f = l - -3226. What is the hundreds digit of f?
2
Suppose -k = -2*a + 3*a - 32184, -2*k + 4*a = -64320. What is the units digit of k?
6
Let y(h) = -h**2 + 9*h + 30. Let p be y(12). Let m be ((-5)/4*p)/((-3)/(-6)). Suppose -3*i - 95 = -4*u, 0*u = u + i - m. What is the tens digit of u?
2
Let c = -3768 - -11114. What is the hundreds digit of c?
3
Suppose 0 = 3*q - 12, -3*j + 89*q + 34524 = 86*q. What is the thousands digit of j?
1
Let r(y) be the first derivative of 7/4*y**4 + 4*y - y**3 - 2*y**2 + 10. What is the tens digit of r(3)?
5
Let p(c) = 77*c - 77. Let o be p(-4). Let m = -383 - o. What is the units digit of m?
2
Let s(a) = 16*a - 6. Suppose -2*u - u - 15 = 0, 4*u + 15 = 5*h. Let o(k) = 3*k**2 + 2*k + 1. Let q be o(h). What is the tens digit of s(q)?
2
Suppose 167*u - 1261914 = -8*u - 66314. What is the hundreds digit of u?
8
Suppose -5*c - l - 1732 = 0, -2*l = 3*c + c + 1382. Let i = c + 817. What is the tens digit of i?
7
Suppose 3*z = 6*z + 2*z. Suppose z = -4*c - 2*f + 10, 0 = -4*c + 7*c - 2*f + 10. Suppose -402 = -c*n - 6*n. What is the units digit of n?
7
Let n be 597 + (1 - 4) - (-9)/9. Suppose 7*v - 14*v = -n. What is the tens digit of v?
8
Let n(l) = l**3 - 8*l**2 - 5*l - 22. Let y be n(9). Suppose y + 207 = 13*j. Suppose -j = 4*g - 369. What is the units digit of g?
8
Let q = -1 - -4. Suppose -4*p - 5*j - 18 + 439 = 0, -309 = -3*p + q*j. What is the units digit of p?
4
Suppose 401367 = 105*w - 139593. What is the units digit of w?
2
Let i = -14 + 5. Let a(w) = -80*w - 19 + 141*w - 75*w. What is the tens digit of a(i)?
0
Let m(r) be the first derivative of r**4/12 + r**3/3 + 2*r**2 - 24*r + 39. Let i(q) be the first derivative of m(q). What is the tens digit of i(4)?
2
Suppose -4*l = -4*a - 4, 5*a - 1 = -l - 30. What is the units digit of (10/l + 3)/((-3)/(-474))?
9
Suppose -20*v + 22*v - 13679 = 5*b, 0 = -4*v + 2*b + 27382. What is the units digit of v?
7
Let x be (36 - 38)/(0 - (-2)/519). Let u = -3 - x. What is the tens digit of u?
1
Suppose -15*w = -12*w + 3*x - 25551, 0 = 2*w + 3*x - 17037. What is the hundreds digit of w?
5
What is the units digit of (-3 + (-2070)/4)*(-100)/15?
0
Let n(j) = -1132*j - 23. What is the thousands digit of n(-12)?
3
Let n = 746 + -487. Suppose -t = -n + 26. What is the tens digit of t?
3
Suppose 6*p - 20 - 28 = 0. Let f(h) = -11 + p*h + 0 + 2. What is the tens digit of f(16)?
1
Suppose -4066 = -4*n + 2*m + 1710, m + 2 = 0. Let z = n - 949. What is the tens digit of z?
9
Suppose 4*z + 2412 = 4*a, 3*a + 756 - 2567 = z. What is the tens digit of a - (4/6)/(4/(-6))?
0
Suppose -25 = -5*r, r - 85 = -2*d - 0*r. Suppose -5*o - 3*z = -6*z - 40, -d = -5*o + 2*z. What is the units digit of o?
8
Suppose 5*d + k + 2927 = 0, 0 = -4*d + 5*k - 739 - 1620. Let h = d - -1568. What is the hundreds digit of h?
9
Let z(l) = 521*l**3 + 4*l**2 + 33*l - 36. What is the units digit of z(1)?
2
Suppose 3*u - 1 = 4*n - 0, 2 = -5*n + 4*u. Suppose -2*f - 20 = n*f, 0 = -y + 5*f + 164. Suppose 131 = 2*t - y. What is the hundreds digit of t?
1
Let h be -32 + 40 + 3*(0 - -1). Suppose h*t - 4209 = 7341. What is the units digit of t?
0
Let t = -217 + 243. Suppose 144 = -3*u + z, 0 = 5*u - 0*z - z + 238. Let q = t - u. What is the units digit of q?
3
Suppose -252*m - 1152 = -256*m. What is the hundreds digit of 9 - 4 - (-45)/10*m?
3
Let t = 7412 + 24263. What is the hundreds digit of t?
6
Let d be ((-70)/(-3))/((-48)/144). What is the hundreds digit of (-47)/((-21)/d*3/(-27))?
4
Let k be ((-27)/(-6) + -4)*82. What is the hundreds digit of (-1202)/(-4) + k/(-82)?
3
Suppose -j - 4*a = -12, -3*j - 24 = -8*j - 2*a. Suppose 3*i - 82 = -5*b + 1818, -5*b + 1900 = j*i. What is the tens digit of b?
8
Let g(u) = 18*u**3 - 11*u**2 + 17*u + 3. What is the units digit of g(6)?
7
Suppose 7 = -3*s + 1. Let n = s + 7. Suppose -3*b = 4*f + 2*b - 298, 0 = -n*f + 2*b + 356. What is the tens digit of f?
7
Let m(i) = 4*i**3 - 33*i**2 + 376*i. What is the hundreds digit of m(20)?
3
Suppose -21*b + 13*b + 9776 = -26576. What is the units digit of b?
4
Let l = -546 + 530. Let p(z) = -85*z + 14. What is the tens digit of p(l)?
7
What is the thousands digit of (-1)/2*(803648016/(-8550) + 2/(-25))?
6
Suppose -121*l = -95*l - 576186. What is the thousands digit of l?
2
Suppose 4*o = 4*j - 92, -2*j - 3*o = -0*o - 36. What is the hundreds digit of 373/3 + 2 + (-28)/j?
1
Let x(f) = 60*f**2 - 11*f - 56. What is the units digit of x(11)?
3
Let u be -4 - -8 - 9 - 2. Let y(d) = 8*d**2 + 4*d - 3. Let h(f) = -f**2 - f - 1. Let p(s) = 4*h(s) + y(s). What is the tens digit of p(u)?
8
What is the hundreds digit of 168814/8 - ((-65)/180 - (-2)/18)?
1
Let u(x) = -2*x**3 + 15*x**2 - 5*x - 8. Let r be u(7). Suppose -r*f = -3*f - 1188. Suppose 2*z + f = 6*z. What is the units digit of z?
9
What is the tens digit of (4 + (30/(-5) - -53544))*(0 + 1)?
4
Let t(q) = -96*q - 243. Let n be t(16). Let d = n + 2991. What is the thousands digit of d?
1
Let s(h) = h**2 + 13*h - 10. Let i be s(-8). Let g = -58 - i. What is the tens digit of 22/g*(-13)/((-26)/(-24))?
3
Suppose 0 = -3*t + 2*l - 5, -5*l - 22 = 4*t - 0*l. What is the tens digit of t/15*2 + 63453/195?
2
Let z be (-3 - -2) + 4 + 111. Suppose 102*f - 104*f = -z. What is the units digit of f?
7
Suppose 0 = b + b - 2*c + 60, -b + 5*c - 26 = 0. Let s = 35 + b. Suppose 64 = 5*x + s. What is the units digit of x?
2
Suppose 3*o + 2*o = 35. Suppose 5*k - 22 = -o. Suppose k*r = -4*p + 164, 3*r - 6 = 6. What is the tens digit of p?
3
What is the hundreds digit of 78/(-6) + 2133*3?
3
Suppose 2*n - 86 = -2*j, 6*j = -n + 11*j + 13. Let h(s) = 42*s + 14. Let o be h(6). Let u = o - n. What is the hundreds digit of u?
2
Suppose 5*b = -t + 408, 5*t + 4*b = 8*b + 1895. Let w = t - -955. What is the tens digit of w?
3
Let d(p) = 48*p - 17. Let q(v) = -191*v + 70. Let o(z) = 9*d(z) + 2*q(z). What is the units digit of o(7)?
7
Let t be ((-6)/8 - (-45)/12) + 97. Suppose -97*c = -t*c + 2892. What is the units digit of c?
4
Suppose -4*q + 20834 = 2*z, -31239 = -62*z + 59*z - 4*q. What is the units digit of z?
5
Suppose 3*q + 5*j - 412 = 1495, 3171 = 5*q + j. Suppose 16*p - 134 = q. What is the units digit of p?
8
Let m = -3194 + 7370. What is the units digit of m?
6
Suppose -25*h + 2063911 = -4*l, -4*l + 443741 = 4*h + 113557. What is the units digit of h?
5
Let l = 3 + -7. Let d be 1 + (-25)/15 - 28/3. What is the tens digit of (-2)/l - 1005/d?
0
Let b be 1 + 3 + 87/3. Suppose 3*u - 5*q - 30 = 3, -q - b = -5*u. Suppose -u*h + 8*h = 74. What is the units digit of h?
7
Let w(x) = 3*x**2 - 40*x - 105. Let y(n) = 2*n**2 - 27*n - 70. Let h(t) = 5*w(t) - 7*y(t). What is the units digit of h(15)?
5
Let s be 2/(-2)*(11640/(-8) + 2). Suppose 6*k = 1097 + s. What is the hundreds digit of k?
4
What is the thousands digit of -29*(27 - 253) - (-14)/(-2)?
6
Let y(s) = -s**3 - 6*s**2 - 11*s - 20. Let g be y(-6). Let a = 40 - g. What is the